se
Does 14 divide 47838?
True
Does 35 divide 10547478?
False
Is 10 a factor of 115700?
True
Does 77 divide 748671?
True
Does 11 divide 12741?
False
Is 6709453 a multiple of 857?
True
Is 3797 a multiple of 10?
False
Does 4 divide 281564?
True
Does 34 divide 7647994?
True
Does 12 divide 1739388?
True
Is 39 a factor of 49764?
True
Does 22 divide 2680581?
False
Does 633 divide 10978157?
False
Does 26 divide 308689?
False
Is 65401 a multiple of 55?
False
Is 104 a factor of 25632?
False
Is 766048 a multiple of 14?
False
Is 2394965 a multiple of 60?
False
Is 29034 even?
True
Does 76 divide 2919692?
True
Is 179930 a multiple of 20?
False
Is 48 a factor of 4177824?
True
Is 444 a factor of 269508?
True
Is 915798 a multiple of 39?
True
Is 499086 a multiple of 14?
True
Is 5895588 a multiple of 291?
False
Does 19 divide 223433?
False
Does 12 divide 112332?
True
Is 150 a factor of 6660600?
True
Is 55183 a multiple of 183?
False
Does 75 divide 1184434?
False
Does 39 divide 68718?
True
Does 254 divide 573339?
False
Does 147 divide 9702?
True
Does 3 divide 332003?
False
Is 361 a factor of 891921?
False
Is 567 a factor of 7278012?
True
Is 22759 a multiple of 11?
True
Is 84348 a multiple of 11?
True
Is 26 a factor of 6455404?
False
Does 12 divide 1390524?
True
Is 1221017 a multiple of 70?
False
Is 798 a factor of 3808773?
False
Is 175 a factor of 236150?
False
Does 4 divide 2427?
False
Does 23 divide 577507?
True
Is 7 a factor of 356825?
True
Is 1369152 a multiple of 12?
True
Is 139 a factor of 411162?
True
Is 183 a factor of 1980426?
True
Does 12 divide 11070?
False
Is 186003 a multiple of 171?
False
Is 63 a factor of 45108?
True
Does 596 divide 1118692?
True
Is 12 a factor of 236825?
False
Does 16 divide 409264?
True
Is 307379 a multiple of 18?
False
Does 510 divide 1478490?
True
Does 231 divide 2422301?
False
Does 33 divide 146327?
False
Is 21 a factor of 6399390?
False
Does 651 divide 10951949?
False
Is 14479394 a multiple of 56?
False
Does 1571 divide 2019701?
False
Does 487 divide 244961?
True
Is 13398 a multiple of 6?
True
Is 438 a factor of 888102?
False
Is 354 a factor of 510172?
False
Does 227 divide 728216?
True
Does 14 divide 2266818?
False
Is 22412992 a multiple of 686?
True
Is 32208 a multiple of 88?
True
Is 29126 a multiple of 19?
False
Is 30012 a multiple of 122?
True
Does 44 divide 1045088?
True
Is 791 a factor of 2535756?
False
Does 375 divide 700875?
True
Is 49 a factor of 90625?
False
Does 33 divide 3086985?
True
Does 90 divide 391500?
True
Does 49 divide 96089?
True
Is 5065704 a multiple of 184?
True
Is 5 a factor of 430782?
False
Is 2 a factor of 5911?
False
Does 5 divide 27418?
False
Does 111 divide 1093684?
False
Does 130 divide 25480?
True
Does 20 divide 82420?
True
Does 28 divide 4978708?
True
Does 7 divide 45002?
False
Is 2940840 a multiple of 105?
True
Is 1461 a factor of 3154299?
True
Is 1663392 a multiple of 2?
True
Is 8670864 a multiple of 102?
False
Is 7 a factor of 255108?
True
Is 829711 a multiple of 143?
False
Does 290 divide 9638150?
True
Is 370899 a multiple of 171?
True
Is 1486670 a multiple of 148?
False
Does 12 divide 5023801?
False
Is 5 a factor of 41039?
False
Does 13 divide 223743?
True
Does 13 divide 4068525?
False
Does 19 divide 42921?
True
Is 7 a factor of 2228422?
True
Is 2074578 a multiple of 571?
False
Is 98793 a multiple of 14?
False
Is 842764 a multiple of 988?
True
Is 3479642 a multiple of 9?
False
Is 4 a factor of 1065960?
True
Is 78448 a multiple of 111?
False
Is 19 a factor of 43019?
False
Is 259 a factor of 314944?
True
Is 223 a factor of 16070049?
True
Does 215 divide 20218587?
False
Does 209 divide 20646?
False
Is 167453 a multiple of 252?
False
Is 150 a factor of 37050?
True
Does 12 divide 79010?
False
Is 41 a factor of 74456?
True
Does 203 divide 1638616?
True
Is 2371650 a multiple of 194?
True
Does 20 divide 174720?
True
Is 16 a factor of 272042?
False
Does 203 divide 276892?
True
Is 18 a factor of 8666532?
True
Is 373296 a multiple of 14?
True
Does 18 divide 1330752?
False
Is 175 a factor of 338319?
False
Does 996 divide 15529155?
False
Is 29743 a multiple of 150?
False
Does 10 divide 864067?
False
Is 16595 a multiple of 478?
False
Is 22766292 a multiple of 18?
True
Is 10267380 a multiple of 119?
False
Is 64919 a multiple of 19?
False
Is 356 a factor of 137416?
True
Does 140 divide 125020?
True
Is 20 a factor of 8503604?
False
Does 692 divide 19376?
True
Is 2505468 a multiple of 49?
True
Does 5 divide 23890?
True
Is 87 a factor of 537747?
True
Is 72 a factor of 208440?
True
Is 9 a factor of 2387792?
False
Does 18 divide 180378?
True
Does 15 divide 323996?
False
Is 5 a factor of 252275?
True
Is 218482 a multiple of 22?
True
Is 8276600 a multiple of 290?
True
Is 493 a factor of 3326271?
True
Is 188232 a multiple of 264?
True
Is 68397 a multiple of 7?
True
Does 266 divide 1520366?
False
Does 107 divide 228007?
False
Is 3325569 a multiple of 3?
True
Is 2259269 a multiple of 26?
False
Does 127 divide 809117?
True
Does 5 divide 78822?
False
Is 64 a factor of 58626?
False
Is 489251 a multiple of 58?
False
Does 844 divide 1904064?
True
Does 89 divide 2444830?
True
Is 435 a factor of 10456652?
False
Is 11 a factor of 336291?
False
Is 71825 a multiple of 430?
False
Is 18 a factor of 3723195?
False
Does 17 divide 2084515?
False
Does 162 divide 406620?
True
Is 14 a factor of 161737?
False
Does 74 divide 46075?
False
Is 537 a factor of 52461?
False
Does 163 divide 338811?
False
Is 3682679 a multiple of 1183?
True
Is 11250225 a multiple of 225?
True
Is 127 a factor of 100457?
True
Is 4032001 a multiple of 195?
False
Does 69 divide 362802?
True
Is 8 a factor of 6243056?
True
Does 11 divide 868108?
False
Is 343062 a multiple of 9?
True
Is 100 a factor of 2163?
False
Is 9324 a multiple of 84?
True
Is 75936 a multiple of 12?
True
Is 39 a factor of 720927?
False
Is 2 a factor of 17285?
False
Is 952 a factor of 361074?
False
Is 337 a factor of 152193?
False
Is 338 a factor of 18590?
True
Is 39117 a multiple of 26?
False
Is 23 a factor of 1480319?
False
Is 72459 a multiple of 7?
False
Is 1329 a factor of 2507241?
False
Is 3497792 a multiple of 31?
True
Is 805121 a multiple of 4?
False
Does 10 divide 1901480?
True
Is 403792 a multiple of 132?
False
Does 30 divide 1817490?
True
Does 55 divide 57970?
True
Is 467 a factor of 3661280?
True
Is 86 a factor of 2648845?
False
Is 366715 a multiple of 355?
True
Is 34 a factor of 8673734?
False
Is 9 a factor of 6030207?
True
Does 525 divide 2666729?
False
Is 101179 a multiple of 181?
True
Does 731 divide 1692023?
False
Is 419 a factor of 86173?
False
Is 34155 a multiple of 33?
True
Is 84299 a multiple of 64?
False
Is 28 a factor of 5291188?
True
Is 411 a factor of 7780936?
False
Is 179458 even?
True
Does 10 divide 3495930?
True
Is 39 a factor of 14334?
False
Is 62336 a multiple of 5?
False
Is 873378 a multiple of 18?
True
Is 63648 a multiple of 51?
True
Does 40 divide 2020940?
False
Does 34 divide 42534?
True
Does 14 divide 1108717?
False
Is 7 a factor of 227605?
True
Is 63 a factor of 186039?
True
Does 21 divide 537159?
True
Is 472 a factor of 4511061?
False
Is 87872 a multiple of 64?
True
Does 19 divide 102909?
False
Is 55 a factor of 290565?
True
Does 53 divide 914197?
True
Is 297 a factor of 222156?
True
Does 28 divide 924217?
False
Is 34 a factor of 76339?
False
Is 431410 a multiple of 70?
True
Does 758 divide 160897?
False
Is 17 a factor of 222513?
True
Is 202498 a multiple of 103?
True
Is 4494960 a multiple of 18?
True
Is 197872 a multiple of 298?
True
Does 2103 divide 229584?
False
Does 305 divide 755676?
False
Is 30072 a multiple of 84?
True
Does 156 divide 11362140?
False
Is 48 a factor of 2496768?
True
Is 333914 a multiple of 122?
True
Is 142 a factor of 214822?
False
Is 73323 a multiple of 6?
False
Is 732261 a multiple of 18?
False
Does 59 divide 595605?
True
Does 10 divide 3958?
False
Does 24 divide 4626336?
True
Is 638554 a multiple of 119?
True
Is 14 a factor of 31906?
True
Does 14 divide 1282374?
False
Does 108 divide 509112?
True
Is 216 a factor of 134046?
False
Does 50 divide 498550?
True
Is 8877 a multiple of 4?
False
Is 261 a factor of 165834?
False
Is 183 a factor of 1205644?
False
Is 10 a factor of 18190?
True
Is 180 a factor of 2602260?
True
Is 517329 a mu